{"id":1112,"date":"2018-10-22T23:57:15","date_gmt":"2018-10-22T21:57:15","guid":{"rendered":"https:\/\/nowa.puszczyk.info\/?page_id=1112"},"modified":"2019-01-07T22:56:30","modified_gmt":"2019-01-07T20:56:30","slug":"galeria","status":"publish","type":"page","link":"https:\/\/www.puszczyk.info\/?page_id=1112","title":{"rendered":"Galeria"},"content":{"rendered":"<h4><a href=\"\/index.php\/galeria\/hubertus-2018\/\">Polowanie Hubertowskie 2018<\/a><\/h4>\n<p style=\"padding-left: 30px;\">Dnia 3 listopada 2018 r.&nbsp;w obwodzie nr 103 (okr\u0119g skierniewicki) odby\u0142o si\u0119 Polowanie Hubertowskie K\u0141 Puszczyk.<\/p>\n<hr>\n<h4><a href=\"\/index.php\/galeria\/60-lecie-kl-puszczyk\/\">60-lecie K\u0141 Puszczyk 2017<\/a><\/h4>\n<p style=\"padding-left: 30px;\">3 czerwca 2017 roku odby\u0142y si\u0119 obchody 60-lecia istnienia ko\u0142a \u0142owieckiego Puszczyk nr 21 w Warszawie.<\/p>\n<hr>\n<h4><a href=\"\/index.php\/galeria\/hubertus-2014\">Polowanie Hubertowskie 2014<\/a><\/h4>\n<p style=\"padding-left: 30px;\">Dnia 8 listopada 2014 r.&nbsp;w obwodzie nr 103 (okr\u0119g skierniewicki) odby\u0142o si\u0119 Polowanie Hubertowskie K\u0141 Puszczyk.<\/p>\n<hr>\n<h4><a href=\"\/index.php\/galeria\/hubertus-2010\/\">Polowanie Hubertowskie 2010<\/a><\/h4>\n<p style=\"padding-left: 30px;\">Dnia 6 listopada 2010 r.&nbsp;w obwodzie nr 103 (okr\u0119g skierniewicki) odby\u0142o si\u0119 Polowanie Hubertowskie K\u0141 Puszczyk.<\/p>\n<hr>\n<h4><a href=\"\/index.php\/galeria\/prace-na-rzecz-kola-2010\/\">Prace na rzecz ko\u0142a 2010<\/a><\/h4>\n<p style=\"padding-left: 30px;\">Dnia 4 wrze\u015bnia 2010 r.&nbsp;w obwodzie nr 103 (okr\u0119g skierniewicki) oraz 81 (okr\u0119g ciechanowski) odbyly si\u0119 prace na rzecz ko\u0142a. W obwodzie nr 81 postawili\u015bmy 3 ambony. Dwie zbudowane wcze\u015bniej przez nowoprzyj\u0119tych do ko\u0142a koleg\u00f3w oraz jedn\u0105 przeniesion\u0105 z innego miejsca. Dzi\u0119kujemy wszystkim obecnym kolegom za przybycie i wyt\u0119\u017con\u0105 prac\u0119.<\/p>\n<hr>\n<h4><a href=\"\/index.php\/galeria\/marzec-2009\/\">Marzec 2009<\/a><\/h4>\n<p style=\"padding-left: 30px;\">Dnia 28 marca 2009 r., w obwodzie skierniewickim nr 54 odby\u0142o si\u0119 spotkanie braci \u0142owieckiej.<\/p>\n<hr>\n<h4><a href=\"\/index.php\/galeria\/hubertus-2008\/\">Polowanie Hubertowskie 2008<\/a><\/h4>\n<p style=\"padding-left: 30px;\">Dnia 9 listopada 2008 r., w obwodzie skierniewickim nr 54 odby\u0142o si\u0119 Polowanie Hubertowskie K\u0141 Puszczyk.<\/p>\n<hr>\n<h4><a href=\"\/index.php\/galeria\/polowanie-wigilijne-2007\/\">Polowanie Wigilijne 2007<\/a><\/h4>\n<p style=\"padding-left: 30px;\">Dnia 16 grudnia 2007 r. w obwodzie skierniewickim nr 54 odby\u0142o si\u0119 spotkanie Wigilijne K\u0141 Puszczyk po\u0142\u0105czone z polowaniem na zaj\u0105ce i inwentaryzacj\u0105 zwierzyny drobnej.&nbsp;<\/p>\n<hr>\n<h4><a href=\"\/index.php\/galeria\/50-lecie-kl-puszczyk\/\">50-lecie K\u0141 Puszczyk 2007<\/a><\/h4>\n<p style=\"padding-left: 30px;\">Uroczysto\u015b\u0107 jubileuszowa odby\u0142a si\u0119 20 pa\u017adziernika w kwaterze ko\u0142a w Zalesiu, w powiecie skierniewickim. Wzi\u0119li w niej udzia\u0142 cz\u0142onkowie i sta\u017cy\u015bci ko\u0142a wraz z rodzinami oraz kapelan ko\u0142a i zaproszeni przedstawiciele w\u0142adz naczelnych i okr\u0119gowych PZ\u0141.<\/p>\n<hr>\n<h4><a href=\"\/index.php\/galeria\/praca-na-rzecz-kola-2007\/\">Praca na rzecz ko\u0142a 2007<\/a><\/h4>\n<p style=\"padding-left: 30px;\">15 wrze\u015bnia 2007 w obwodzie nr 81 (okr\u0119g ciechanowski) zbudowali\u015bmy ambon\u0119. Wszystkim obecnym podczas prac kolegom serdecznie dzi\u0119kujemy.<\/p>\n<hr>\n<h4><a href=\"\/index.php\/galeria\/ni-puchu-ni-pierza-2007\/\">Ni puchu ni pierza 2007<\/a><\/h4>\n<p style=\"padding-left: 30px;\">19 sierpnia 2007 roku. Inauguracja sezonu polowa\u0144 na kaczki. Obw\u00f3d 54.<\/p>\n<hr>\n<h4><a href=\"\/index.php\/galeria\/hubertus-2005\/\">Polowanie Hubertowskie 2005<\/a><\/h4>\n<p style=\"padding-left: 30px;\">5 listopada 2005. \u015bw. Hubert (3.11) - najpopularniejszy spo\u015br\u00f3d patron\u00f3w my\u015bliwych. Hubert, kt\u00f3ry podczas polowania podobno ujrza\u0142 jelenia z krzy\u017cem mi\u0119dzy rogami, jest postaci\u0105 historyczn\u0105, potomkiem kr\u00f3lewskiego rodu Merowing\u00f3w.<\/p>\n","protected":false},"excerpt":{"rendered":"<p>Polowanie Hubertowskie 2018 Dnia 3 listopada 2018 r.&nbsp;w obwodzie nr 103 (okr\u0119g skierniewicki) odby\u0142o si\u0119 Polowanie Hubertowskie K\u0141 Puszczyk. 60-lecie K\u0141 Puszczyk 2017 3 czerwca 2017 roku odby\u0142y si\u0119 obchody 60-lecia istnienia ko\u0142a \u0142owieckiego Puszczyk nr 21 w Warszawie. Polowanie Hubertowskie 2014 Dnia 8 listopada 2014 r.&nbsp;w obwodzie nr 103 (okr\u0119g skierniewicki) odby\u0142o si\u0119 Polowanie <a href=\"https:\/\/www.puszczyk.info\/?page_id=1112\" class=\"more-link\">Czytaj dalej...<span class=\"screen-reader-text\"> \"Galeria\"<\/span><\/a><\/p>\n","protected":false},"author":4,"featured_media":0,"parent":0,"menu_order":40,"comment_status":"closed","ping_status":"closed","template":"page-templates\/full-width.php","meta":{"_bbp_topic_count":0,"_bbp_reply_count":0,"_bbp_total_topic_count":0,"_bbp_total_reply_count":0,"_bbp_voice_count":0,"_bbp_anonymous_reply_count":0,"_bbp_topic_count_hidden":0,"_bbp_reply_count_hidden":0,"_bbp_forum_subforum_count":0,"ngg_post_thumbnail":0,"footnotes":""},"class_list":["post-1112","page","type-page","status-publish","h-entry","hentry","h-as-page"],"publishpress_future_action":{"enabled":false,"date":"2026-05-08 13:49:33","action":"change-status","newStatus":"trash","terms":[],"taxonomy":"","extraData":[]},"publishpress_future_workflow_manual_trigger":{"enabledWorkflows":[]},"_links":{"self":[{"href":"https:\/\/www.puszczyk.info\/index.php?rest_route=\/wp\/v2\/pages\/1112","targetHints":{"allow":["GET"]}}],"collection":[{"href":"https:\/\/www.puszczyk.info\/index.php?rest_route=\/wp\/v2\/pages"}],"about":[{"href":"https:\/\/www.puszczyk.info\/index.php?rest_route=\/wp\/v2\/types\/page"}],"author":[{"embeddable":true,"href":"https:\/\/www.puszczyk.info\/index.php?rest_route=\/wp\/v2\/users\/4"}],"replies":[{"embeddable":true,"href":"https:\/\/www.puszczyk.info\/index.php?rest_route=%2Fwp%2Fv2%2Fcomments&post=1112"}],"version-history":[{"count":26,"href":"https:\/\/www.puszczyk.info\/index.php?rest_route=\/wp\/v2\/pages\/1112\/revisions"}],"predecessor-version":[{"id":5762,"href":"https:\/\/www.puszczyk.info\/index.php?rest_route=\/wp\/v2\/pages\/1112\/revisions\/5762"}],"wp:attachment":[{"href":"https:\/\/www.puszczyk.info\/index.php?rest_route=%2Fwp%2Fv2%2Fmedia&parent=1112"}],"curies":[{"name":"wp","href":"https:\/\/api.w.org\/{rel}","templated":true}]}}

<h4><a href="/index.php/galeria/hubertus-2018/">Polowanie Hubertowskie 2018</a></h4>
<p style="padding-left: 30px;">Dnia 3 listopada 2018 r.&nbsp;w obwodzie nr 103 (okręg skierniewicki) odbyło się Polowanie Hubertowskie KŁ Puszczyk.</p>
<hr>
<h4><a href="/index.php/galeria/60-lecie-kl-puszczyk/">60-lecie KŁ Puszczyk 2017</a></h4>
<p style="padding-left: 30px;">3 czerwca 2017 roku odbyły się obchody 60-lecia istnienia koła łowieckiego Puszczyk nr 21 w Warszawie.</p>
<hr>
<h4><a href="/index.php/galeria/hubertus-2014">Polowanie Hubertowskie 2014</a></h4>
<p style="padding-left: 30px;">Dnia 8 listopada 2014 r.&nbsp;w obwodzie nr 103 (okręg skierniewicki) odbyło się Polowanie Hubertowskie KŁ Puszczyk.</p>
<hr>
<h4><a href="/index.php/galeria/hubertus-2010/">Polowanie Hubertowskie 2010</a></h4>
<p style="padding-left: 30px;">Dnia 6 listopada 2010 r.&nbsp;w obwodzie nr 103 (okręg skierniewicki) odbyło się Polowanie Hubertowskie KŁ Puszczyk.</p>
<hr>
<h4><a href="/index.php/galeria/prace-na-rzecz-kola-2010/">Prace na rzecz koła 2010</a></h4>
<p style="padding-left: 30px;">Dnia 4 września 2010 r.&nbsp;w obwodzie nr 103 (okręg skierniewicki) oraz 81 (okręg ciechanowski) odbyly się prace na rzecz koła. W obwodzie nr 81 postawiliśmy 3 ambony. Dwie zbudowane wcześniej przez nowoprzyjętych do koła kolegów oraz jedną przeniesioną z innego miejsca. Dziękujemy wszystkim obecnym kolegom za przybycie i wytężoną pracę.</p>
<hr>
<h4><a href="/index.php/galeria/marzec-2009/">Marzec 2009</a></h4>
<p style="padding-left: 30px;">Dnia 28 marca 2009 r., w obwodzie skierniewickim nr 54 odbyło się spotkanie braci łowieckiej.</p>
<hr>
<h4><a href="/index.php/galeria/hubertus-2008/">Polowanie Hubertowskie 2008</a></h4>
<p style="padding-left: 30px;">Dnia 9 listopada 2008 r., w obwodzie skierniewickim nr 54 odbyło się Polowanie Hubertowskie KŁ Puszczyk.</p>
<hr>
<h4><a href="/index.php/galeria/polowanie-wigilijne-2007/">Polowanie Wigilijne 2007</a></h4>
<p style="padding-left: 30px;">Dnia 16 grudnia 2007 r. w obwodzie skierniewickim nr 54 odbyło się spotkanie Wigilijne KŁ Puszczyk połączone z polowaniem na zające i inwentaryzacją zwierzyny drobnej.&nbsp;</p>
<hr>
<h4><a href="/index.php/galeria/50-lecie-kl-puszczyk/">50-lecie KŁ Puszczyk 2007</a></h4>
<p style="padding-left: 30px;">Uroczystość jubileuszowa odbyła się 20 października w kwaterze koła w Zalesiu, w powiecie skierniewickim. Wzięli w niej udział członkowie i stażyści koła wraz z rodzinami oraz kapelan koła i zaproszeni przedstawiciele władz naczelnych i okręgowych PZŁ.</p>
<hr>
<h4><a href="/index.php/galeria/praca-na-rzecz-kola-2007/">Praca na rzecz koła 2007</a></h4>
<p style="padding-left: 30px;">15 września 2007 w obwodzie nr 81 (okręg ciechanowski) zbudowaliśmy ambonę. Wszystkim obecnym podczas prac kolegom serdecznie dziękujemy.</p>
<hr>
<h4><a href="/index.php/galeria/ni-puchu-ni-pierza-2007/">Ni puchu ni pierza 2007</a></h4>
<p style="padding-left: 30px;">19 sierpnia 2007 roku. Inauguracja sezonu polowań na kaczki. Obwód 54.</p>
<hr>
<h4><a href="/index.php/galeria/hubertus-2005/">Polowanie Hubertowskie 2005</a></h4>
<p style="padding-left: 30px;">5 listopada 2005. św. Hubert (3.11) - najpopularniejszy spośród patronów myśliwych. Hubert, który podczas polowania podobno ujrzał jelenia z krzyżem między rogami, jest postacią historyczną, potomkiem królewskiego rodu Merowingów.</p>

<p>Polowanie Hubertowskie 2018 Dnia 3 listopada 2018 r.&nbsp;w obwodzie nr 103 (okręg skierniewicki) odbyło się Polowanie Hubertowskie KŁ Puszczyk. 60-lecie KŁ Puszczyk 2017 3 czerwca 2017 roku odbyły się obchody 60-lecia istnienia koła łowieckiego Puszczyk nr 21 w Warszawie. Polowanie Hubertowskie 2014 Dnia 8 listopada 2014 r.&nbsp;w obwodzie nr 103 (okręg skierniewicki) odbyło się Polowanie <a href="https://www.puszczyk.info/?page_id=1112" class="more-link">Czytaj dalej...<span class="screen-reader-text"> "Galeria"</span></a></p>
