{"id":35,"date":"2018-10-18T13:31:40","date_gmt":"2018-10-18T11:31:40","guid":{"rendered":"http:\/\/nowa.puszczyk.info\/?page_id=35"},"modified":"2022-09-26T21:45:36","modified_gmt":"2022-09-26T19:45:36","slug":"home","status":"publish","type":"page","link":"https:\/\/www.puszczyk.info\/","title":{"rendered":"Home"},"content":{"rendered":"\n<p><img loading=\"lazy\" decoding=\"async\" width=\"150\" height=\"183\" class=\"alignleft size-full wp-image-4\" src=\"\/wp-content\/uploads\/2018\/10\/logo.jpg\" alt=\"Logo\"> <div> Ko\u0142o \u0141owieckie \u201ePUSZCZYK\u201d nr 21 powsta\u0142o w Warszawie w 1957r. W roku 2017 obchodzili\u015bmy uroczy\u015bcie 60-lecie swojej dzia\u0142alno\u015bci. Liczebno\u015b\u0107 Ko\u0142a to oko\u0142o 30 cz\u0142onk\u00f3w oraz osoby kandyduj\u0105ce i sympatycy, kt\u00f3rzy zawsze s\u0105 blisko z nami. Ko\u0142o dzier\u017cawi dwa polne obwody w powiatach: m\u0142awskim i skierniewickim o \u0142\u0105cznej powierzchni ok. 8000 ha. W ubieg\u0142ym wieku, z racji naturalnych uwarunkowa\u0144 i prowadzonej na tych terenach gospodarki rolnej, tereny te obfitowa\u0142y g\u0142\u00f3wnie w zwierzyn\u0119 drobn\u0105: zaj\u0105ce, kuropatwy, ba\u017canty i kaczki. Obecnie, pomimo ochrony i prowadzonej regularnie reintrodukcji populacje tych gatunk\u00f3w nie powr\u00f3ci\u0142y do poprzednich stan\u00f3w. Zwi\u0119kszy\u0142a si\u0119 natomiast liczebno\u015b\u0107 zwierzyny grubej - przede wszystkim sarny i dzika, wynikaj\u0105ca ze zmian w gospodarce rolnej i le\u015bnej. Na terenach dzier\u017cawionych obwod\u00f3w pojawiaj\u0105 si\u0119 nawet jelenie oraz \u0142osie. Chlub\u0105 Ko\u0142a s\u0105 medalowe parostki rogaczy, kt\u00f3rych dzi\u0119ki w\u0142a\u015bciwej selekcji, my\u015bliwi pozyskuj\u0105 coraz wi\u0119cej. W obydwu obwodach Ko\u0142o posiada kwatery my\u015bliwskie. \u201ePUSZCZYK\u201d kultywuje tradycje \u0142owieckie, w formie organizacji polowa\u0144 i spotka\u0144 hubertowskich, wigilijnych oraz wystaw kolekcjonerskich. Najbardziej zas\u0142u\u017ceni koledzy uhonorowani zostali odznaczeniami \u0142owieckimi i odznakami Ministra \u015arodowiska i Gospodarki Wodnej. <\/div><\/p>\n","protected":false},"excerpt":{"rendered":"<p>Ko\u0142o \u0141owieckie \u201ePUSZCZYK\u201d nr 21 powsta\u0142o w Warszawie w 1957r. W roku 2017 obchodzili\u015bmy uroczy\u015bcie 60-lecie swojej dzia\u0142alno\u015bci. Liczebno\u015b\u0107 Ko\u0142a to oko\u0142o 30 cz\u0142onk\u00f3w oraz osoby kandyduj\u0105ce i sympatycy, kt\u00f3rzy zawsze s\u0105 blisko z nami. Ko\u0142o dzier\u017cawi dwa polne obwody w powiatach: m\u0142awskim i skierniewickim o \u0142\u0105cznej powierzchni ok. 8000 ha. W ubieg\u0142ym wieku, z <a href=\"https:\/\/www.puszczyk.info\/\" class=\"more-link\">Czytaj dalej...<span class=\"screen-reader-text\"> \"Home\"<\/span><\/a><\/p>\n","protected":false},"author":4,"featured_media":0,"parent":0,"menu_order":0,"comment_status":"closed","ping_status":"closed","template":"page-templates\/front-page.php","meta":{"_bbp_topic_count":0,"_bbp_reply_count":0,"_bbp_total_topic_count":0,"_bbp_total_reply_count":0,"_bbp_voice_count":0,"_bbp_anonymous_reply_count":0,"_bbp_topic_count_hidden":0,"_bbp_reply_count_hidden":0,"_bbp_forum_subforum_count":0,"ngg_post_thumbnail":0,"footnotes":""},"class_list":["post-35","page","type-page","status-publish","h-entry","hentry","h-as-page"],"publishpress_future_action":{"enabled":false,"date":"2026-05-08 12:07:05","action":"change-status","newStatus":"trash","terms":[],"taxonomy":"","extraData":[]},"publishpress_future_workflow_manual_trigger":{"enabledWorkflows":[]},"_links":{"self":[{"href":"https:\/\/www.puszczyk.info\/index.php?rest_route=\/wp\/v2\/pages\/35","targetHints":{"allow":["GET"]}}],"collection":[{"href":"https:\/\/www.puszczyk.info\/index.php?rest_route=\/wp\/v2\/pages"}],"about":[{"href":"https:\/\/www.puszczyk.info\/index.php?rest_route=\/wp\/v2\/types\/page"}],"author":[{"embeddable":true,"href":"https:\/\/www.puszczyk.info\/index.php?rest_route=\/wp\/v2\/users\/4"}],"replies":[{"embeddable":true,"href":"https:\/\/www.puszczyk.info\/index.php?rest_route=%2Fwp%2Fv2%2Fcomments&post=35"}],"version-history":[{"count":8,"href":"https:\/\/www.puszczyk.info\/index.php?rest_route=\/wp\/v2\/pages\/35\/revisions"}],"predecessor-version":[{"id":6379,"href":"https:\/\/www.puszczyk.info\/index.php?rest_route=\/wp\/v2\/pages\/35\/revisions\/6379"}],"wp:attachment":[{"href":"https:\/\/www.puszczyk.info\/index.php?rest_route=%2Fwp%2Fv2%2Fmedia&parent=35"}],"curies":[{"name":"wp","href":"https:\/\/api.w.org\/{rel}","templated":true}]}}