{"id":38,"date":"2018-10-18T13:37:45","date_gmt":"2018-10-18T11:37:45","guid":{"rendered":"http:\/\/nowa.puszczyk.info\/?page_id=38"},"modified":"2023-11-16T14:20:10","modified_gmt":"2023-11-16T12:20:10","slug":"sezon-2018-2019","status":"publish","type":"page","link":"https:\/\/www.puszczyk.info\/?page_id=38","title":{"rendered":"Sezon 2018\/2019"},"content":{"rendered":"Zbi\u00f3rka na polowaniach o godzinie 10:00.\n\n<!-- \/wp:post-content -->\n\n<!-- wp:paragraph -->\n\nPolowanie hubertowskie - spotykamy si\u0119 o 10:00, ognisko hubertowskie o godzinie 15:00.\n\nPolowanie wigilijne - spotykamy si\u0119 o 10:00, ognisko wigilijne o godzinie 16:00.\n\n<!-- \/wp:paragraph -->\n\n<!-- wp:table {\"align\":\"left\"} -->\n<table class=\"wp-block-table alignleft\">\n<tbody>\n<tr>\n<td style=\"text-align: center;\"><strong>Data<\/strong><\/td>\n<td style=\"text-align: center;\"><strong>Zwierzyna<\/strong><\/td>\n<td>&nbsp;<\/td>\n<td style=\"text-align: center;\"><strong>Obw\u00f3d<\/strong><\/td>\n<td style=\"text-align: center;\"><strong>Miejsce zbi\u00f3rki<\/strong><\/td>\n<\/tr>\n<tr>\n<td style=\"text-align: center;\">18.08.2018<\/td>\n<td>kaczka, lis, grzywacz<\/td>\n<td>&nbsp;<\/td>\n<td style=\"text-align: center;\">103\/81<\/td>\n<td style=\"text-align: center;\">Zalesie\/Bo\u0142\u0105ki<\/td>\n<\/tr>\n<tr>\n<td style=\"text-align: center;\">01.09.2018<\/td>\n<td>kaczka, lis, grzywacz<\/td>\n<td>&nbsp;<\/td>\n<td style=\"text-align: center;\">103\/81<\/td>\n<td style=\"text-align: center;\">Zalesie\/Bo\u0142\u0105ki<\/td>\n<\/tr>\n<tr>\n<td style=\"text-align: center;\"><strong>15.09.2018<\/strong><\/td>\n<td><strong>PRACE SPO\u0141ECZNE<\/strong><\/td>\n<td>&nbsp;<\/td>\n<td style=\"text-align: center;\"><strong>103\/81<\/strong><\/td>\n<td style=\"text-align: center;\"><strong>Zalesie\/Bo\u0142\u0105ki<\/strong><\/td>\n<\/tr>\n<tr>\n<td style=\"text-align: center;\">22.09.2018<\/td>\n<td>kaczka, lis, grzywacz<\/td>\n<td>&nbsp;<\/td>\n<td style=\"text-align: center;\">103\/81<\/td>\n<td style=\"text-align: center;\">Zalesie\/Bo\u0142\u0105ki<\/td>\n<\/tr>\n<tr>\n<td style=\"text-align: center;\">05.10.2018<\/td>\n<td>kaczka, lis, grzywacz, ba\u017cant<\/td>\n<td>&nbsp;<\/td>\n<td style=\"text-align: center;\">103\/81<\/td>\n<td style=\"text-align: center;\">Zalesie\/Bo\u0142\u0105ki<\/td>\n<\/tr>\n<tr>\n<td style=\"text-align: center;\">22.10.2018<\/td>\n<td>kaczka, lis, grzywacz, ba\u017cant<\/td>\n<td>&nbsp;<\/td>\n<td style=\"text-align: center;\">103\/81<\/td>\n<td style=\"text-align: center;\">Zalesie\/Bo\u0142\u0105ki<\/td>\n<\/tr>\n<tr>\n<td style=\"text-align: center;\"><strong>03.11.2018<\/strong><\/td>\n<td><strong>dzik, lis, ba\u017cant, kaczka<\/strong><\/td>\n<td><strong>Polowanie hubertowskie<\/strong><\/td>\n<td style=\"text-align: center;\"><strong>103<\/strong><\/td>\n<td style=\"text-align: center;\"><strong>Zalesie<\/strong><\/td>\n<\/tr>\n<tr>\n<td style=\"text-align: center;\">17.11.2018<\/td>\n<td>ba\u017cant, lis, kaczka<\/td>\n<td>&nbsp;<\/td>\n<td style=\"text-align: center;\">103\/81<\/td>\n<td style=\"text-align: center;\">Zalesie\/Bo\u0142\u0105ki<\/td>\n<\/tr>\n<tr>\n<td style=\"text-align: center;\">01.12.2018<\/td>\n<td>ba\u017cant, lis, kaczka<\/td>\n<td>&nbsp;<\/td>\n<td style=\"text-align: center;\">103\/81<\/td>\n<td style=\"text-align: center;\">Zalesie\/Bo\u0142\u0105ki<\/td>\n<\/tr>\n<tr>\n<td style=\"text-align: center;\"><strong>15.12.2018<\/strong><\/td>\n<td><strong>jele\u0144, sarna, dzik, lis<\/strong><\/td>\n<td><strong>Polowanie wigilijne z ambon<\/strong><\/td>\n<td style=\"text-align: center;\"><strong>81<\/strong><\/td>\n<td style=\"text-align: center;\"><strong>Bo\u0142\u0105ki<\/strong><\/td>\n<\/tr>\n<tr>\n<td style=\"text-align: center;\">05.01.2019<\/td>\n<td>jele\u0144, sarna, dzik, lis<\/td>\n<td><strong>Polowanie z ambon<\/strong><\/td>\n<td style=\"text-align: center;\"><strong>103<\/strong><\/td>\n<td style=\"text-align: center;\"><strong>Zalesie<\/strong><\/td>\n<\/tr>\n<tr>\n<td style=\"text-align: center;\">19.01.2019<\/td>\n<td>ba\u017cant, lis<\/td>\n<td>&nbsp;<\/td>\n<td style=\"text-align: center;\">103\/81<\/td>\n<td style=\"text-align: center;\">Zalesie\/Bo\u0142\u0105ki<\/td>\n<\/tr>\n<tr>\n<td style=\"text-align: center;\">02.02.2019<\/td>\n<td>ba\u017cant, lis<\/td>\n<td>&nbsp;<\/td>\n<td style=\"text-align: center;\">103\/81<\/td>\n<td style=\"text-align: center;\">Zalesie\/Bo\u0142\u0105ki<\/td>\n<\/tr>\n<tr>\n<td style=\"text-align: center;\">16.02.2019<\/td>\n<td>ba\u017cant, lis<\/td>\n<td>&nbsp;<\/td>\n<td style=\"text-align: center;\">103\/81<\/td>\n<td style=\"text-align: center;\">Zalesie\/Bo\u0142\u0105ki<\/td>\n<\/tr>\n<tr>\n<td style=\"text-align: center;\">23.02.2019<\/td>\n<td>ba\u017cant, lis<\/td>\n<td><strong>Zako\u0144czenie sezonu<\/strong><\/td>\n<td style=\"text-align: center;\">103\/81<\/td>\n<td style=\"text-align: center;\">Zalesie\/Bo\u0142\u0105ki<\/td>\n<\/tr>\n<\/tbody>\n<\/table>\n<!-- \/wp:table -->","protected":false},"excerpt":{"rendered":"<p>Zbi\u00f3rka na polowaniach o godzinie 10:00. Polowanie hubertowskie - spotykamy si\u0119 o 10:00, ognisko hubertowskie o godzinie 15:00. Polowanie wigilijne - spotykamy si\u0119 o 10:00, ognisko wigilijne o godzinie 16:00. Data Zwierzyna &nbsp; Obw\u00f3d Miejsce zbi\u00f3rki 18.08.2018 kaczka, lis, grzywacz &nbsp; 103\/81 Zalesie\/Bo\u0142\u0105ki 01.09.2018 kaczka, lis, grzywacz &nbsp; 103\/81 Zalesie\/Bo\u0142\u0105ki 15.09.2018 PRACE SPO\u0141ECZNE &nbsp; 103\/81 <a href=\"https:\/\/www.puszczyk.info\/?page_id=38\" class=\"more-link\">Czytaj dalej...<span class=\"screen-reader-text\"> \"Sezon 2018\/2019\"<\/span><\/a><\/p>\n","protected":false},"author":4,"featured_media":0,"parent":87,"menu_order":1000,"comment_status":"closed","ping_status":"closed","template":"","meta":{"_bbp_topic_count":0,"_bbp_reply_count":0,"_bbp_total_topic_count":0,"_bbp_total_reply_count":0,"_bbp_voice_count":0,"_bbp_anonymous_reply_count":0,"_bbp_topic_count_hidden":0,"_bbp_reply_count_hidden":0,"_bbp_forum_subforum_count":0,"ngg_post_thumbnail":0,"footnotes":""},"class_list":["post-38","page","type-page","status-publish","h-entry","hentry","h-as-page"],"publishpress_future_action":{"enabled":false,"date":"2026-05-08 13:40:46","action":"change-status","newStatus":"trash","terms":[],"taxonomy":"","extraData":[]},"publishpress_future_workflow_manual_trigger":{"enabledWorkflows":[]},"_links":{"self":[{"href":"https:\/\/www.puszczyk.info\/index.php?rest_route=\/wp\/v2\/pages\/38","targetHints":{"allow":["GET"]}}],"collection":[{"href":"https:\/\/www.puszczyk.info\/index.php?rest_route=\/wp\/v2\/pages"}],"about":[{"href":"https:\/\/www.puszczyk.info\/index.php?rest_route=\/wp\/v2\/types\/page"}],"author":[{"embeddable":true,"href":"https:\/\/www.puszczyk.info\/index.php?rest_route=\/wp\/v2\/users\/4"}],"replies":[{"embeddable":true,"href":"https:\/\/www.puszczyk.info\/index.php?rest_route=%2Fwp%2Fv2%2Fcomments&post=38"}],"version-history":[{"count":8,"href":"https:\/\/www.puszczyk.info\/index.php?rest_route=\/wp\/v2\/pages\/38\/revisions"}],"predecessor-version":[{"id":5833,"href":"https:\/\/www.puszczyk.info\/index.php?rest_route=\/wp\/v2\/pages\/38\/revisions\/5833"}],"up":[{"embeddable":true,"href":"https:\/\/www.puszczyk.info\/index.php?rest_route=\/wp\/v2\/pages\/87"}],"wp:attachment":[{"href":"https:\/\/www.puszczyk.info\/index.php?rest_route=%2Fwp%2Fv2%2Fmedia&parent=38"}],"curies":[{"name":"wp","href":"https:\/\/api.w.org\/{rel}","templated":true}]}}