{"id":5984,"date":"2019-08-12T23:58:09","date_gmt":"2019-08-12T21:58:09","guid":{"rendered":"https:\/\/www.puszczyk.info\/?page_id=5984"},"modified":"2023-11-16T14:22:13","modified_gmt":"2023-11-16T12:22:13","slug":"sezon-2019-2020","status":"publish","type":"page","link":"https:\/\/www.puszczyk.info\/?page_id=5984","title":{"rendered":"Sezon 2019\/2020"},"content":{"rendered":"\n<p>Zbi\u00f3rka na polowania o godz. 10:00.<\/p>\n\n\n\n<p>9 listopada - polowanie hubertowskie - spotykamy si\u0119 o 10.00, ognisko hubertowskie oraz Otwarcie Nowej Kwatery My\u015bliwskiej o godz. 15.00.<br>14 grudnia - polowanie wigilijne - spotykamy si\u0119 o 10.00, kolacja wigilijna o godz. 16.00.<\/p>\n\n\n\n<figure class=\"wp-block-table is-style-regular\"><table class=\"\"><tbody><tr><td>Data<\/td><td>Zwierzyna<\/td><td>Obw\u00f3d<\/td><td>Miejsce zbi\u00f3rki<\/td><\/tr><tr><td>18.08<\/td><td>kaczka, lis, grzywacz<\/td><td>103\/81<\/td><td>Zalesie\/Bo\u0142\u0105ki<\/td><\/tr><tr><td>25.08<\/td><td>kaczka, lis, grzywacz<\/td><td>103\/81<\/td><td>Zalesie\/Bo\u0142\u0105ki<\/td><\/tr><tr><td>01.09<\/td><td>kaczka, lis, grzywacz<\/td><td>103\/81<\/td><td>Zalesie\/Bo\u0142\u0105ki<\/td><\/tr><tr><td>08.09<\/td><td>kaczka, lis, grzywacz<\/td><td>103\/81<\/td><td>Zalesie\/Bo\u0142\u0105ki<\/td><\/tr><tr><td><strong>14.09<\/strong><\/td><td><strong>PRACE SPO\u0141ECZNE<\/strong><\/td><td><strong>103\/81<\/strong><\/td><td><strong>Zalesie\/Bo\u0142\u0105ki<\/strong><\/td><\/tr><tr><td>22.09<\/td><td>kaczka, lis, grzywacz<\/td><td>103\/81<\/td><td>Zalesie\/Bo\u0142\u0105ki<\/td><\/tr><tr><td>29.09<\/td><td>kaczka, lis, grzywacz<\/td><td>103\/81<\/td><td>Zalesie\/Bo\u0142\u0105ki<\/td><\/tr><tr><td>06.10<\/td><td>kaczka, lis, grzywacz, ba\u017cant<\/td><td>103\/81<\/td><td>Zalesie\/Bo\u0142\u0105ki<\/td><\/tr><tr><td>13.10<\/td><td>kaczka, lis, grzywacz, ba\u017cant<\/td><td>103\/81<\/td><td>Zalesie\/Bo\u0142\u0105ki<\/td><\/tr><tr><td>20.10<\/td><td>kaczka, lis, grzywacz, ba\u017cant<\/td><td>103\/81<\/td><td>Zalesie\/Bo\u0142\u0105ki<\/td><\/tr><tr><td>27.10<\/td><td>kaczka, lis, grzywacz, ba\u017cant<\/td><td>103\/81<\/td><td>Zalesie\/Bo\u0142\u0105ki<\/td><\/tr><tr><td><strong>09.11<\/strong><\/td><td>dzik, lis, ba\u017cant, kaczka<br><strong>Polowanie hubertowskie po\u0142\u0105czone z otwarciem nowej kwatery  my\u015bliwskiej<\/strong><\/td><td><strong>103<\/strong><\/td><td><strong>Zalesie<\/strong><\/td><\/tr><tr><td>17.11<\/td><td>ba\u017cant, lis, kaczka<\/td><td>103\/81<\/td><td>Zalesie\/Bo\u0142\u0105ki<\/td><\/tr><tr><td>24.11<\/td><td>ba\u017cant, lis, kaczka<\/td><td>103\/81<\/td><td>Zalesie\/Bo\u0142\u0105ki<\/td><\/tr><tr><td>01.12<\/td><td>ba\u017cant, lis, kaczka<\/td><td>103\/81<\/td><td>Zalesie\/Bo\u0142\u0105ki<\/td><\/tr><tr><td>08.12<\/td><td>ba\u017cant, lis, kaczka<\/td><td>103\/81<\/td><td>Zalesie\/Bo\u0142\u0105ki<\/td><\/tr><tr><td><strong>14.12<\/strong><\/td><td>jele\u0144, sarna, dzik, lis<br><strong>Polowanie wigilijne z ambon<\/strong><\/td><td><strong>81<\/strong><\/td><td><strong>Bo\u0142\u0105ki<\/strong><\/td><\/tr><tr><td><strong>12.01<\/strong><\/td><td>jele\u0144, sarna, dzik, lis<br><strong>Polowanie z ambon<\/strong><\/td><td><strong>103<\/strong><\/td><td><strong>Skierniewice<\/strong><\/td><\/tr><tr><td>19.01<\/td><td>jele\u0144, dzik, lis<\/td><td>103\/81<\/td><td>Zalesie\/Bo\u0142\u0105ki<\/td><\/tr><tr><td>02.02<\/td><td>ba\u017cant, lis<\/td><td>103\/81<\/td><td>Zalesie\/Bo\u0142\u0105ki<\/td><\/tr><tr><td>09.02<\/td><td>ba\u017cant, lis<\/td><td>103\/81<\/td><td>Zalesie\/Bo\u0142\u0105ki<\/td><\/tr><tr><td>16.02<\/td><td>ba\u017cant, lis<\/td><td>103\/81<\/td><td>Zalesie\/Bo\u0142\u0105ki<\/td><\/tr><tr><td>23.02<\/td><td>ba\u017cant, lis<br><strong>Zako\u0144czenie sezonu<\/strong><\/td><td>103\/81<\/td><td>Zalesie\/Bo\u0142\u0105ki<\/td><\/tr><\/tbody><\/table><\/figure>\n\n\n\n<p><\/p>\n","protected":false},"excerpt":{"rendered":"<p>Zbi\u00f3rka na polowania o godz. 10:00. 9 listopada - polowanie hubertowskie - spotykamy si\u0119 o 10.00, ognisko hubertowskie oraz Otwarcie Nowej Kwatery My\u015bliwskiej o godz. 15.00.14 grudnia - polowanie wigilijne - spotykamy si\u0119 o 10.00, kolacja wigilijna o godz. 16.00. Data Zwierzyna Obw\u00f3d Miejsce zbi\u00f3rki 18.08 kaczka, lis, grzywacz 103\/81 Zalesie\/Bo\u0142\u0105ki 25.08 kaczka, lis, grzywacz <a href=\"https:\/\/www.puszczyk.info\/?page_id=5984\" class=\"more-link\">Czytaj dalej...<span class=\"screen-reader-text\"> \"Sezon 2019\/2020\"<\/span><\/a><\/p>\n","protected":false},"author":2,"featured_media":0,"parent":87,"menu_order":999,"comment_status":"closed","ping_status":"closed","template":"","meta":{"_bbp_topic_count":0,"_bbp_reply_count":0,"_bbp_total_topic_count":0,"_bbp_total_reply_count":0,"_bbp_voice_count":0,"_bbp_anonymous_reply_count":0,"_bbp_topic_count_hidden":0,"_bbp_reply_count_hidden":0,"_bbp_forum_subforum_count":0,"ngg_post_thumbnail":0,"footnotes":""},"class_list":["post-5984","page","type-page","status-publish","h-entry","hentry","h-as-page"],"publishpress_future_action":{"enabled":false,"date":"2026-05-08 13:41:58","action":"change-status","newStatus":"trash","terms":[],"taxonomy":"","extraData":[]},"publishpress_future_workflow_manual_trigger":{"enabledWorkflows":[]},"_links":{"self":[{"href":"https:\/\/www.puszczyk.info\/index.php?rest_route=\/wp\/v2\/pages\/5984","targetHints":{"allow":["GET"]}}],"collection":[{"href":"https:\/\/www.puszczyk.info\/index.php?rest_route=\/wp\/v2\/pages"}],"about":[{"href":"https:\/\/www.puszczyk.info\/index.php?rest_route=\/wp\/v2\/types\/page"}],"author":[{"embeddable":true,"href":"https:\/\/www.puszczyk.info\/index.php?rest_route=\/wp\/v2\/users\/2"}],"replies":[{"embeddable":true,"href":"https:\/\/www.puszczyk.info\/index.php?rest_route=%2Fwp%2Fv2%2Fcomments&post=5984"}],"version-history":[{"count":10,"href":"https:\/\/www.puszczyk.info\/index.php?rest_route=\/wp\/v2\/pages\/5984\/revisions"}],"predecessor-version":[{"id":6055,"href":"https:\/\/www.puszczyk.info\/index.php?rest_route=\/wp\/v2\/pages\/5984\/revisions\/6055"}],"up":[{"embeddable":true,"href":"https:\/\/www.puszczyk.info\/index.php?rest_route=\/wp\/v2\/pages\/87"}],"wp:attachment":[{"href":"https:\/\/www.puszczyk.info\/index.php?rest_route=%2Fwp%2Fv2%2Fmedia&parent=5984"}],"curies":[{"name":"wp","href":"https:\/\/api.w.org\/{rel}","templated":true}]}}

<p>Zbiórka na polowania o godz. 10:00.</p>



<p>9 listopada - polowanie hubertowskie - spotykamy się o 10.00, ognisko hubertowskie oraz Otwarcie Nowej Kwatery Myśliwskiej o godz. 15.00.<br>14 grudnia - polowanie wigilijne - spotykamy się o 10.00, kolacja wigilijna o godz. 16.00.</p>



<figure class="wp-block-table is-style-regular"><table class=""><tbody><tr><td>Data</td><td>Zwierzyna</td><td>Obwód</td><td>Miejsce zbiórki</td></tr><tr><td>18.08</td><td>kaczka, lis, grzywacz</td><td>103/81</td><td>Zalesie/Bołąki</td></tr><tr><td>25.08</td><td>kaczka, lis, grzywacz</td><td>103/81</td><td>Zalesie/Bołąki</td></tr><tr><td>01.09</td><td>kaczka, lis, grzywacz</td><td>103/81</td><td>Zalesie/Bołąki</td></tr><tr><td>08.09</td><td>kaczka, lis, grzywacz</td><td>103/81</td><td>Zalesie/Bołąki</td></tr><tr><td><strong>14.09</strong></td><td><strong>PRACE SPOŁECZNE</strong></td><td><strong>103/81</strong></td><td><strong>Zalesie/Bołąki</strong></td></tr><tr><td>22.09</td><td>kaczka, lis, grzywacz</td><td>103/81</td><td>Zalesie/Bołąki</td></tr><tr><td>29.09</td><td>kaczka, lis, grzywacz</td><td>103/81</td><td>Zalesie/Bołąki</td></tr><tr><td>06.10</td><td>kaczka, lis, grzywacz, bażant</td><td>103/81</td><td>Zalesie/Bołąki</td></tr><tr><td>13.10</td><td>kaczka, lis, grzywacz, bażant</td><td>103/81</td><td>Zalesie/Bołąki</td></tr><tr><td>20.10</td><td>kaczka, lis, grzywacz, bażant</td><td>103/81</td><td>Zalesie/Bołąki</td></tr><tr><td>27.10</td><td>kaczka, lis, grzywacz, bażant</td><td>103/81</td><td>Zalesie/Bołąki</td></tr><tr><td><strong>09.11</strong></td><td>dzik, lis, bażant, kaczka<br><strong>Polowanie hubertowskie połączone z otwarciem nowej kwatery  myśliwskiej</strong></td><td><strong>103</strong></td><td><strong>Zalesie</strong></td></tr><tr><td>17.11</td><td>bażant, lis, kaczka</td><td>103/81</td><td>Zalesie/Bołąki</td></tr><tr><td>24.11</td><td>bażant, lis, kaczka</td><td>103/81</td><td>Zalesie/Bołąki</td></tr><tr><td>01.12</td><td>bażant, lis, kaczka</td><td>103/81</td><td>Zalesie/Bołąki</td></tr><tr><td>08.12</td><td>bażant, lis, kaczka</td><td>103/81</td><td>Zalesie/Bołąki</td></tr><tr><td><strong>14.12</strong></td><td>jeleń, sarna, dzik, lis<br><strong>Polowanie wigilijne z ambon</strong></td><td><strong>81</strong></td><td><strong>Bołąki</strong></td></tr><tr><td><strong>12.01</strong></td><td>jeleń, sarna, dzik, lis<br><strong>Polowanie z ambon</strong></td><td><strong>103</strong></td><td><strong>Skierniewice</strong></td></tr><tr><td>19.01</td><td>jeleń, dzik, lis</td><td>103/81</td><td>Zalesie/Bołąki</td></tr><tr><td>02.02</td><td>bażant, lis</td><td>103/81</td><td>Zalesie/Bołąki</td></tr><tr><td>09.02</td><td>bażant, lis</td><td>103/81</td><td>Zalesie/Bołąki</td></tr><tr><td>16.02</td><td>bażant, lis</td><td>103/81</td><td>Zalesie/Bołąki</td></tr><tr><td>23.02</td><td>bażant, lis<br><strong>Zakończenie sezonu</strong></td><td>103/81</td><td>Zalesie/Bołąki</td></tr></tbody></table></figure>



<p></p>

<p>Zbiórka na polowania o godz. 10:00. 9 listopada - polowanie hubertowskie - spotykamy się o 10.00, ognisko hubertowskie oraz Otwarcie Nowej Kwatery Myśliwskiej o godz. 15.00.14 grudnia - polowanie wigilijne - spotykamy się o 10.00, kolacja wigilijna o godz. 16.00. Data Zwierzyna Obwód Miejsce zbiórki 18.08 kaczka, lis, grzywacz 103/81 Zalesie/Bołąki 25.08 kaczka, lis, grzywacz <a href="https://www.puszczyk.info/?page_id=5984" class="more-link">Czytaj dalej...<span class="screen-reader-text"> "Sezon 2019/2020"</span></a></p>
