{"id":6488,"date":"2023-11-16T13:04:53","date_gmt":"2023-11-16T11:04:53","guid":{"rendered":"https:\/\/www.puszczyk.info\/?page_id=6488"},"modified":"2023-11-16T13:29:02","modified_gmt":"2023-11-16T11:29:02","slug":"uchwaly","status":"publish","type":"page","link":"https:\/\/www.puszczyk.info\/?page_id=6488","title":{"rendered":"Uchwa\u0142y"},"content":{"rendered":"\n<p>W tym miejscu znajdziecie najnowsze protoko\u0142y oraz uchwa\u0142y Walnego Zgromadzenia, jak r\u00f3wnie\u017c uchwa\u0142y Zarz\u0105du Ko\u0142a \u0141owieckiego PUSZCZYK. Regularnie aktualizujemy t\u0119 sekcj\u0119, aby zapewni\u0107 naszym cz\u0142onkom oraz zainteresowanym osobom dost\u0119p do naj\u015bwie\u017cszych informacji i decyzji podejmowanych w ramach naszej organizacji. Zach\u0119camy do regularnego odwiedzania tej strony, aby by\u0107 na bie\u017c\u0105co z wa\u017cnymi wydarzeniami i zmianami w naszym kole.<\/p>\n\n\n<ul class=\"wp-block-page-list\"><li class=\"wp-block-pages-list__item\"><a class=\"wp-block-pages-list__item__link\" href=\"https:\/\/www.puszczyk.info\/?page_id=6493\">Protok\u00f3\u0142 z WZ K\u0141 Puszczyk 2023 wraz z uchwa\u0142ami<\/a><\/li><li class=\"wp-block-pages-list__item\"><a class=\"wp-block-pages-list__item__link\" href=\"https:\/\/www.puszczyk.info\/?page_id=6746\">Protok\u00f3\u0142 z WZ K\u0141 Puszczyk 2025 wraz z uchwa\u0142ami<\/a><\/li><\/ul>","protected":false},"excerpt":{"rendered":"<p>W tym miejscu znajdziecie najnowsze protoko\u0142y oraz uchwa\u0142y Walnego Zgromadzenia, jak r\u00f3wnie\u017c uchwa\u0142y Zarz\u0105du Ko\u0142a \u0141owieckiego PUSZCZYK. Regularnie aktualizujemy t\u0119 sekcj\u0119, aby zapewni\u0107 naszym cz\u0142onkom oraz zainteresowanym osobom dost\u0119p do naj\u015bwie\u017cszych informacji i decyzji podejmowanych w ramach naszej organizacji. Zach\u0119camy do regularnego odwiedzania tej strony, aby by\u0107 na bie\u017c\u0105co z wa\u017cnymi wydarzeniami i zmianami w <a href=\"https:\/\/www.puszczyk.info\/?page_id=6488\" class=\"more-link\">Czytaj dalej...<span class=\"screen-reader-text\"> \"Uchwa\u0142y\"<\/span><\/a><\/p>\n","protected":false},"author":5,"featured_media":0,"parent":5815,"menu_order":15,"comment_status":"closed","ping_status":"closed","template":"","meta":{"_bbp_topic_count":0,"_bbp_reply_count":0,"_bbp_total_topic_count":0,"_bbp_total_reply_count":0,"_bbp_voice_count":0,"_bbp_anonymous_reply_count":0,"_bbp_topic_count_hidden":0,"_bbp_reply_count_hidden":0,"_bbp_forum_subforum_count":0,"ngg_post_thumbnail":0,"footnotes":""},"class_list":["post-6488","page","type-page","status-publish","h-entry","hentry","h-as-page"],"publishpress_future_action":{"enabled":false,"date":"2026-05-08 13:49:17","action":"change-status","newStatus":"trash","terms":[],"taxonomy":"","extraData":[]},"publishpress_future_workflow_manual_trigger":{"enabledWorkflows":[]},"_links":{"self":[{"href":"https:\/\/www.puszczyk.info\/index.php?rest_route=\/wp\/v2\/pages\/6488","targetHints":{"allow":["GET"]}}],"collection":[{"href":"https:\/\/www.puszczyk.info\/index.php?rest_route=\/wp\/v2\/pages"}],"about":[{"href":"https:\/\/www.puszczyk.info\/index.php?rest_route=\/wp\/v2\/types\/page"}],"author":[{"embeddable":true,"href":"https:\/\/www.puszczyk.info\/index.php?rest_route=\/wp\/v2\/users\/5"}],"replies":[{"embeddable":true,"href":"https:\/\/www.puszczyk.info\/index.php?rest_route=%2Fwp%2Fv2%2Fcomments&post=6488"}],"version-history":[{"count":3,"href":"https:\/\/www.puszczyk.info\/index.php?rest_route=\/wp\/v2\/pages\/6488\/revisions"}],"predecessor-version":[{"id":6505,"href":"https:\/\/www.puszczyk.info\/index.php?rest_route=\/wp\/v2\/pages\/6488\/revisions\/6505"}],"up":[{"embeddable":true,"href":"https:\/\/www.puszczyk.info\/index.php?rest_route=\/wp\/v2\/pages\/5815"}],"wp:attachment":[{"href":"https:\/\/www.puszczyk.info\/index.php?rest_route=%2Fwp%2Fv2%2Fmedia&parent=6488"}],"curies":[{"name":"wp","href":"https:\/\/api.w.org\/{rel}","templated":true}]}}